{"id":32,"date":"2022-08-01T15:09:00","date_gmt":"2022-08-01T18:09:00","guid":{"rendered":"http:\/\/www.dievalejuliana.com.br\/blog\/?page_id=32"},"modified":"2022-08-10T19:06:30","modified_gmt":"2022-08-10T22:06:30","slug":"nossas-propostas","status":"publish","type":"page","link":"https:\/\/www.dievalejuliana.com.br\/blog\/apresentacao\/nossas-propostas\/","title":{"rendered":"Nossas propostas para Gest\u00e3o 2022-2026"},"content":{"rendered":"\n<p>Considerando o contexto descrito na &#8220;Carta Aberta a Comunidade do SEPT&#8221;, precisaremos continuar investindo na melhora do planejamento e dos processos administrativos. Precisamos ampliar a nossa capacidade de organiza\u00e7\u00e3o e contaremos com todos para definirmos as metas e os objetivos de curto, m\u00e9dio e longo prazo para elaborarmos os planos, definirmos prioridades de investimento e trabalharmos a partir da revis\u00e3o cont\u00ednua dos processos internos do setor.<\/p>\n\n\n\n<h2 class=\"wp-block-heading\">Assumimos o compromisso de:<\/h2>\n\n\n\n<ol class=\"wp-block-list\" type=\"1\"><li>Fortalecer e defender a democracia e o processo democr\u00e1tico, respeitando as normas internas e as legisla\u00e7\u00f5es vigentes;<\/li><li>Manter e fortalecer as decis\u00f5es colegiadas;<\/li><li>Preservar, apoiar e ampliar os cursos do setor;<\/li><li>Respeitar as necessidades e interesses pessoais, dentro da legalidade e de forma a n\u00e3o comprometer o funcionamento dos nossos cursos e do setor;<\/li><li>Promover, manter e aprimorar o inter-relacionamento pessoal;<\/li><li>Manter e promover a gest\u00e3o financeira participativa e transparente;<\/li><li>Promover o debate de ideias, buscando o fortalecimento do pensamento cr\u00edtico e do conhecimento cient\u00edfico;<\/li><li>Combater o obscurantismo;<\/li><li>Promover uma comunidade ativa e participativa;<\/li><li>Alinhar as a\u00e7\u00f5es do Setor \u00e0 Agenda 2030, um plano de a\u00e7\u00f5es desenvolvido no \u00e2mbito da Organiza\u00e7\u00e3o das Na\u00e7\u00f5es Unidas visando a erradica\u00e7\u00e3o da pobreza e a promo\u00e7\u00e3o do desenvolvimento econ\u00f4mico, social e ambiental em escala global at\u00e9 o ano 2030.<\/li><\/ol>\n\n\n\n<h2 class=\"wp-block-heading\">Nossa proposta inicial<\/h2>\n\n\n\n<p>A seguir apresentamos um conjunto de propostas para o Setor. Todas as a\u00e7\u00f5es aqui elencadas bem como outras que pudermos incorporar \u2013 uma vez que se trata de um processo cont\u00ednuo \u2013 ser\u00e3o abordadas da mesma forma, amplamente discutidas com todos os envolvidos e, quando couber, decididas pelo Conselho Setorial e pelos Colegiados de Cursos. Priorizamos, acima de tudo, uma gest\u00e3o democr\u00e1tica e participativa.<\/p>\n\n\n\n<h2 class=\"wp-block-heading\">I. A\u00e7\u00f5es de organiza\u00e7\u00e3o dos espa\u00e7os f\u00edsicos e das pessoas<\/h2>\n\n\n\n<ul class=\"wp-block-list\"><li>Constituir o \u201cCentro Administrativo\u201d, buscando aproximar os servidores e os servi\u00e7os prestados;<\/li><li>promover a\u00e7\u00f5es para a constru\u00e7\u00e3o do espa\u00e7o dos Centro Acad\u00eamicos (onde est\u00e3o as churrasqueiras e em conformidade com o Plano Diretor);<\/li><li>buscar espa\u00e7os adequados para as atividades docentes, como atendimento a estudantes, desenvolvimento de estudos e pesquisas;<\/li><li>promover discuss\u00f5es e a\u00e7\u00f5es que visem a melhoria da qualidade de vida da comunidade do SEPT.<\/li><\/ul>\n\n\n\n<h2 class=\"wp-block-heading\">II. A\u00e7\u00f5es voltadas a Gest\u00e3o Acad\u00eamica<\/h2>\n\n\n\n<ul class=\"wp-block-list\"><li>Promover o fortalecimento da Extens\u00e3o (com os objetivos de: 1) atender a necessidade dos cursos relativa \u00e0s demandas de curriculariza\u00e7\u00e3o e o alcance das metas do Plano Nacional de Educa\u00e7\u00e3o; 2) ampliar a visibilidade do setor e a participa\u00e7\u00e3o da comunidade, e; 3) arrecadar recursos para o setor);<\/li><li>propor a implanta\u00e7\u00e3o de \u201cProgramas de Educa\u00e7\u00e3o Tutorial (PET)\u201d como uma a\u00e7\u00e3o de extens\u00e3o;<\/li><li>acompanhar a implanta\u00e7\u00e3o do novo ensino m\u00e9dio no \u00e2mbito do Curso T\u00e9cnico em Petr\u00f3leo e G\u00e1s;<\/li><li>promover a Educa\u00e7\u00e3o a Dist\u00e2ncia;<\/li><li>acompanhar e promover a Educa\u00e7\u00e3o H\u00edbrida, em discuss\u00e3o no CNE;<\/li><li>promover e ampliar a oferta dos Cursos de Especializa\u00e7\u00e3o pagos e gratuitos;<\/li><li>promover competi\u00e7\u00f5es estudantis, tais como olimp\u00edadas, maratonas, hackatons etc;<\/li><li>promover e fortalecer a pesquisa e a extens\u00e3o no Setor;<\/li><li>discutir e promover a\u00e7\u00f5es que reduzam a demanda de carga hor\u00e1ria administrativa atualmente desenvolvida pelos docentes e pelos coordenadores de cursos.<\/li><\/ul>\n\n\n\n<h2 class=\"wp-block-heading\">III. A\u00e7\u00f5es voltadas a Comunidade Estudantil<\/h2>\n\n\n\n<ul class=\"wp-block-list\"><li>Apoiar os centros acad\u00eamicos e gr\u00eamios estudantis.<\/li><li>promover a\u00e7\u00f5es para integra\u00e7\u00e3o dos alunos e valoriza\u00e7\u00e3o do setor (clubes, jogos, equipes, churrascos, festas juninas etc);<\/li><li>incentivar os Centro Acad\u00eamicos a promo\u00e7\u00e3o de atividades;<\/li><li>promo\u00e7\u00e3o e incentivo ao acesso a oportunidades de mobilidade acad\u00eamica, interc\u00e2mbios e est\u00e1gios.<\/li><\/ul>\n\n\n\n<h2 class=\"wp-block-heading\">IV. A\u00e7\u00f5es voltadas a Gest\u00e3o Financeira<\/h2>\n\n\n\n<ul class=\"wp-block-list\"><li>Desenvolver a cultura de relacionamento do SEPT com as Funda\u00e7\u00f5es de Apoio, visando uma coopera\u00e7\u00e3o para arrecada\u00e7\u00e3o e gest\u00e3o financeira de recursos pr\u00f3prios;<\/li><li>promover a\u00e7\u00f5es de extens\u00e3o n\u00e3o curriculares como meio de arrecada\u00e7\u00e3o;<\/li><li>promover eventos para a comunidade externa com o objetivo de arrecadar recursos para a amplia\u00e7\u00e3o e manuten\u00e7\u00e3o dos espa\u00e7os;<\/li><li>buscar por emendas parlamentares com o objetivo de ampliar o espa\u00e7o f\u00edsico e a infraestrutura dos cursos;<\/li><li>adequar os audit\u00f3rios para a realiza\u00e7\u00e3o de eventos e alugar o espa\u00e7o para interessados de outras unidades da UFPR.<\/li><\/ul>\n\n\n\n<h2 class=\"wp-block-heading\">V. A\u00e7\u00f5es administrativas e de planejamento<\/h2>\n\n\n\n<ul class=\"wp-block-list\"><li>Promover a aprova\u00e7\u00e3o, mesmo que parcial, das propostas discutidas e inicialmente aprovadas no Conselho Setorial, encaminhando-as ao COPLAD;<\/li><li>propor o projeto &#8220;Radar de Oportunidades&#8221;, um canal de monitoramento, busca e recebimento de demandas e oportunidades da comunidade externa para a comunidade do SEPT;<\/li><li>promover a formaliza\u00e7\u00e3o dos laborat\u00f3rios do SEPT;<\/li><li>promover a cultura do uso de indicadores gerais e constituir uma base de indicadores do setor;<\/li><li>buscar junto a Comiss\u00e3o Pr\u00f3pria de Avalia\u00e7\u00e3o uma maior integra\u00e7\u00e3o com o Setor, visando alimentar a comunidade com nossos indicadores;<\/li><li>manter e ampliar a gest\u00e3o patrimonial do SEPT;<\/li><li>manter os sistemas desenvolvidos pelo Prof. Jaime (Secretaria Online, Reserva de salas, agenda de eventos) e buscar mecanismos para institucionaliz\u00e1-los dentro do SEPT.<\/li><\/ul>\n\n\n\n<h2 class=\"wp-block-heading\">VI. A\u00e7\u00f5es conjuntas com a Administra\u00e7\u00e3o Central<\/h2>\n\n\n\n<ul class=\"wp-block-list\"><li>Manter e fomentar o bom relacionamento com a Administra\u00e7\u00e3o Central;<\/li><li>permitir, manter e ampliar a participa\u00e7\u00e3o dos servidores do SEPT nos cargos, fun\u00e7\u00f5es e comiss\u00f5es da administra\u00e7\u00e3o central.<\/li><\/ul>\n","protected":false},"excerpt":{"rendered":"<p>Considerando o contexto descrito na &#8220;Carta Aberta a Comunidade do SEPT&#8221;, precisaremos continuar investindo na melhora do planejamento e dos processos administrativos. Precisamos ampliar a nossa capacidade de organiza\u00e7\u00e3o e&#8230;<\/p>\n","protected":false},"author":1,"featured_media":0,"parent":2,"menu_order":2,"comment_status":"closed","ping_status":"closed","template":"","meta":{"footnotes":""},"class_list":["post-32","page","type-page","status-publish","hentry","entry"],"_links":{"self":[{"href":"https:\/\/www.dievalejuliana.com.br\/blog\/wp-json\/wp\/v2\/pages\/32","targetHints":{"allow":["GET"]}}],"collection":[{"href":"https:\/\/www.dievalejuliana.com.br\/blog\/wp-json\/wp\/v2\/pages"}],"about":[{"href":"https:\/\/www.dievalejuliana.com.br\/blog\/wp-json\/wp\/v2\/types\/page"}],"author":[{"embeddable":true,"href":"https:\/\/www.dievalejuliana.com.br\/blog\/wp-json\/wp\/v2\/users\/1"}],"replies":[{"embeddable":true,"href":"https:\/\/www.dievalejuliana.com.br\/blog\/wp-json\/wp\/v2\/comments?post=32"}],"version-history":[{"count":6,"href":"https:\/\/www.dievalejuliana.com.br\/blog\/wp-json\/wp\/v2\/pages\/32\/revisions"}],"predecessor-version":[{"id":105,"href":"https:\/\/www.dievalejuliana.com.br\/blog\/wp-json\/wp\/v2\/pages\/32\/revisions\/105"}],"up":[{"embeddable":true,"href":"https:\/\/www.dievalejuliana.com.br\/blog\/wp-json\/wp\/v2\/pages\/2"}],"wp:attachment":[{"href":"https:\/\/www.dievalejuliana.com.br\/blog\/wp-json\/wp\/v2\/media?parent=32"}],"curies":[{"name":"wp","href":"https:\/\/api.w.org\/{rel}","templated":true}]}}